{"id":8,"date":"2020-06-05T09:44:39","date_gmt":"2020-06-05T09:44:39","guid":{"rendered":"https:\/\/www.reilutarkastus.fi\/?page_id=8"},"modified":"2020-06-05T10:41:07","modified_gmt":"2020-06-05T10:41:07","slug":"contact","status":"publish","type":"page","link":"https:\/\/www.reilutarkastus.fi\/?page_id=8","title":{"rendered":"Yhteystiedot"},"content":{"rendered":"\n<p>Ulla R\u00e4s\u00e4nen-Virtanen<\/p>\n\n\n\n<p>Puh. 0505846584<\/p>\n\n\n\n<p>S\u00e4hk\u00f6posti: tarkastus@reilutarkastus.fi<\/p>\n\n\n\n<p>Reilu Tarkastus Oy, Sinikalliontie 10, 02630 Espoo<\/p>\n","protected":false},"excerpt":{"rendered":"<p>Ulla R\u00e4s\u00e4nen-Virtanen Puh. 0505846584 S\u00e4hk\u00f6posti: tarkastus@reilutarkastus.fi Reilu Tarkastus Oy, Sinikalliontie 10, 02630 Espoo<\/p>\n","protected":false},"author":1,"featured_media":0,"parent":0,"menu_order":0,"comment_status":"closed","ping_status":"closed","template":"","meta":{"footnotes":""},"class_list":["post-8","page","type-page","status-publish","hentry"],"_links":{"self":[{"href":"https:\/\/www.reilutarkastus.fi\/index.php?rest_route=\/wp\/v2\/pages\/8","targetHints":{"allow":["GET"]}}],"collection":[{"href":"https:\/\/www.reilutarkastus.fi\/index.php?rest_route=\/wp\/v2\/pages"}],"about":[{"href":"https:\/\/www.reilutarkastus.fi\/index.php?rest_route=\/wp\/v2\/types\/page"}],"author":[{"embeddable":true,"href":"https:\/\/www.reilutarkastus.fi\/index.php?rest_route=\/wp\/v2\/users\/1"}],"replies":[{"embeddable":true,"href":"https:\/\/www.reilutarkastus.fi\/index.php?rest_route=%2Fwp%2Fv2%2Fcomments&post=8"}],"version-history":[{"count":3,"href":"https:\/\/www.reilutarkastus.fi\/index.php?rest_route=\/wp\/v2\/pages\/8\/revisions"}],"predecessor-version":[{"id":57,"href":"https:\/\/www.reilutarkastus.fi\/index.php?rest_route=\/wp\/v2\/pages\/8\/revisions\/57"}],"wp:attachment":[{"href":"https:\/\/www.reilutarkastus.fi\/index.php?rest_route=%2Fwp%2Fv2%2Fmedia&parent=8"}],"curies":[{"name":"wp","href":"https:\/\/api.w.org\/{rel}","templated":true}]}}